 2. Let g be k(-6). Suppose -125 = -5*a + b*x, g*x - 11 = -2*a + 15. Is a a prime number?
False
Let v be 2 - (-3 + (-2)/(-2)). Suppose -3*o + 33 = -3*d + v*d, 0 = -2*o + 2*d + 22. Is o composite?
False
Let t(m) = -m + 8. Let n = 0 - 0. Let c be t(n). Suppose -3*p + 46 = 5*w, -p + 3*w - c = -0*p. Is p a prime number?
True
Let u be 8/52 + (-4520)/(-26). Let c = 433 - u. Is c a composite number?
True
Let j(x) = -4*x + 2. Let r(u) = -u**2 - 5*u + 3. Let t(f) = 3*j(f) - 2*r(f). Let v be t(2). Suppose 304 = 4*g - v*o, -4*g + 3*o = -0*g - 305. Is g composite?
True
Let h be -3*(-1 - 6/9). Let t(o) = o - 1 - 3*o**2 + 7*o**2 - h. Is t(-5) composite?
False
Let j(q) = 20*q - 9. Let y(z) = -20*z + 10. Let l(r) = 5*j(r) + 4*y(r). Is l(3) a prime number?
False
Suppose 4*p + 3*w - w = 4, 5*p = -4*w - 1. Suppose 3*q - p = 90. Is q a prime number?
True
Suppose 725 = 3*s + 2*s. Let b = -62 + s. Is b composite?
False
Let o = -8 - -5. Let j be -2 - (o + 2 - 6). Suppose -j*q - 5*l + 72 = -53, 2*l - 73 = -3*q. Is q prime?
True
Let j be 0/6*1*-1. Suppose j = r - 4*r + 138. Is r prime?
False
Let l(j) = 5*j - 4. Let o be l(-6). Let d = o + 68. Let k = -21 + d. Is k composite?
False
Suppose -5*f - 2 = -6*f. Is f/9 + 223/9 a composite number?
True
Let l(i) = -225*i + 31. Is l(-14) prime?
True
Suppose -4*r = -6*r + 902. Is r prime?
False
Suppose 1988 = 4*o - 0*o. Is o prime?
False
Let c be 3 + (3 - 0) + 0. Is 2*1/(c/57) a composite number?
False
Let o = -4 - -7. Let d be -6 + (-3)/o*-2. Is ((-98)/d)/((-1)/(-2)) composite?
True
Is (16/(-32))/((-1)/254) a prime number?
True
Let w(l) = -13*l + 4. Let z be w(6). Let p be (0 - 1)/((-2)/z). Let i = -14 - p. Is i a composite number?
False
Let a be (-3)/(-12) - (-19)/4. Suppose -3*c = 4*w - 880, -4*w + 1464 = -0*c + a*c. Is 7/(-21) - c/(-3) a prime number?
True
Let d = -131 + 183. Suppose -2*w + d + 146 = 0. Let c = 178 - w. Is c a composite number?
False
Suppose -2*t + 5 = -3*q, 0*q = 3*q + 4*t + 35. Is 356/2 + (q - -4) a composite number?
True
Let i = 134 + 239. Is i a composite number?
False
Let k = -5194 + 7627. Is k a prime number?
False
Let v(p) = 5 - 2 - 4*p - p + p. Is v(-3) a prime number?
False
Suppose -3*u = -4*w - 231, 0*w - 2*w - u - 123 = 0. Let p = 103 - w. Is p a prime number?
True
Let l = -143 + 234. Let f = 24 - 46. Let o = l + f. Is o a composite number?
True
Is (-5208)/(-10) - 3/(-15) a composite number?
False
Is 2/4*(-2 + 748) a prime number?
True
Let c(t) = -8*t + 14. Let h(a) = 1. Let y(l) = c(l) - 5*h(l). Let w be y(7). Let v = w + 78. Is v prime?
True
Let n(c) = 100*c + 7. Is n(3) prime?
True
Suppose -22 - 1 = -4*z - j, 0 = 4*z - 3*j - 11. Let c = 9 - 6. Suppose z*o = 10, 2*o - 18 = -c*a + 16. Is a a composite number?
True
Let t = 307 + 142. Is t a composite number?
False
Let u(p) = 8*p**2 - 2*p + 9. Let a be u(-4). Let f = 192 + a. Is f prime?
True
Let f(z) = 98*z**3 + 3*z**2 - 2*z - 1. Let d be ((-10)/(-15))/(1/3). Is f(d) a prime number?
False
Let r(m) = -m**3 - 27 + m + 7*m**2 + 28 - 6*m. Suppose 3*k = -0 + 18. Is r(k) a prime number?
True
Let w = -4 - 1. Is 1 + 1 - w*15 a composite number?
True
Suppose -3*g = -3*k - k - 559, -5*k + 3*g - 695 = 0. Is -2 + ((-3)/3 - k) a prime number?
False
Let s = 24 + -45. Let x = 26 - s. Suppose 89 = 4*o - x. Is o prime?
False
Let n = 321 + -30. Is n a prime number?
False
Suppose 11 + 7 = -2*n. Is 194/3 - 3/n a composite number?
True
Let q = 323 + -132. Is q prime?
True
Let x be -1 - (-2 - -1)*2. Suppose 5*j - x = q - 4, 0 = 4*q + 8. Let h(m) = 92*m**2 + 2*m + 1. Is h(j) prime?
False
Is (-2)/7 + (-96207)/(-21) + 2 composite?
False
Suppose -5*m - 6 = -2*m. Let i be (-3 - (-10)/4)*m. Is (-19)/(-2)*(1 + i) a composite number?
False
Suppose -5*v + 549 = -446. Is v prime?
True
Let t = 66 + -28. Is t a prime number?
False
Let o(y) = 16*y - 4. Let l(q) = 8*q - 2. Let j(h) = 13*l(h) - 6*o(h). Is j(6) a prime number?
False
Let t(b) be the second derivative of -13*b**3/6 + b. Is t(-5) composite?
True
Let p = 1847 - -656. Is p prime?
True
Let r(l) = l**3 - 9*l**2 + 9*l - 10. Is r(11) composite?
False
Suppose -3*k = 12, 2*r + 407 = -4*k + 2489. Is r prime?
True
Let j be (-10 + 6)/((-1)/1). Suppose g = -j*g + 455. Is g a prime number?
False
Let f = 30 + -42. Is (8 + f)*31/(-4) a prime number?
True
Suppose 4*q + 6 = q. Is 178/(q/((-3)/3)) composite?
False
Suppose -3*g + 2901 = 3*s, -2*s - 8*g + 1940 = -3*g. Is s composite?
True
Let p(l) = -l**3 - 7*l**2 + 4*l - 1. Let s(h) = h**3 + 7*h**2 + 7*h - 2. Let t be s(-6). Is p(t) a prime number?
True
Suppose 2*w = p + 4109, 2*p = -w - 2*w + 6153. Is w prime?
True
Suppose 2*v - 398 = -4*z, -1040 = -3*v - 2*v - z. Is v a composite number?
True
Suppose b + 4 - 11 = 0. Let d = -4 + b. Suppose -92 = -5*o + 3*f, f - d = -2. Is o prime?
True
Let i = 15 - 15. Suppose -2*l - 4 = -i, f - 153 = 4*l. Is f prime?
False
Suppose 3*h = h + 2120. Suppose 3*m + m = h. Suppose -f + 6*f = m. Is f a composite number?
False
Let s = -267 + 393. Suppose -u + s + 87 = 0. Is u a composite number?
True
Let s(a) = 2*a**2 + 4*a + 1. Let o be s(-3). Let i = o - -1. Suppose -j + i = -11. Is j prime?
True
Let d = -51 + 252. Is d a composite number?
True
Let u(l) = 2*l**2 + 39*l + 35. Let k(a) = -a**2 - 19*a - 17. Let y(b) = 5*k(b) + 2*u(b). Is y(-6) a composite number?
True
Suppose -4*z + 197 = -2*y + 41, -2*z + 3*y + 86 = 0. Is z a composite number?
False
Let k = -411 - -930. Is k a prime number?
False
Let h = 560 + 177. Is h prime?
False
Let v be (-196)/10*(-6 + 1). Suppose 3*y = 4*l - 68, 0 = -0*l + l - 5*y - 34. Suppose -3*t + 5*j + v = 0, -3*t - j + 78 + l = 0. Is t composite?
False
Let s(p) be the first derivative of -17*p**2/2 - 2. Let b = -7 + 4. Is s(b) prime?
False
Is 7466/18 + (-2)/(-9) a composite number?
True
Let u = 6 - 4. Let j = 513 - 223. Is u/(-6) + j/15 prime?
True
Let q = 15853 + -10992. Is q composite?
False
Suppose 3*b + 1 + 2 = 0. Let l be (-3)/3*255 - b. Is l/((0 - 1) + -1) composite?
False
Suppose 1729 = -2*f + 5*o, -2*o = f + 2*f + 2622. Let i = f - -1299. Let u = i + -300. Is u a prime number?
True
Suppose 2*f - 3 - 11 = 0. Suppose -5*g + 272 - f = 0. Suppose -4*w = -5*w - 2*a + g, 0 = 2*w + 2*a - 108. Is w prime?
False
Let f(x) be the second derivative of -5/2*x**2 + 1/12*x**4 - x + 0*x**3 + 0. Is f(6) prime?
True
Let w = -2 + 4. Suppose h - w*h = 0, -5*r = 3*h - 20. Suppose r*f + 13 = x - 0*f, 3*x + 5*f = 73. Is x prime?
False
Let a be (-3)/((-6)/4) - -2. Suppose -3*z = z + 2*n - 10, 0 = 2*z - a*n + 20. Suppose z = 2*g - 74. Is g composite?
False
Suppose p + 445 = 4*r, -3*p + 106 = r - 5*p. Let g = r - 61. Is g a prime number?
False
Let h(q) = q**3 - 7*q**2 + 5*q + 3. Let b be h(6). Let t = b - -3. Suppose -2*i + 2*x + 228 = t, -i + x + 112 = 2*x. Is i a prime number?
True
Suppose 8*x - 3533 - 6283 = 0. Is x a composite number?
True
Let b be -2*(150/4)/(-3). Let q = -10 + b. Is q a prime number?
False
Let k(q) = 233*q + 3. Is k(2) a prime number?
False
Suppose -334 - 50 = -4*g. Let z = g + 191. Is z a prime number?
False
Suppose 4*b = -2*y + 60, -b = 4*y + 31 - 165. Is y composite?
True
Suppose -5*t + 22 = -p + 2, 5*p + 4 = t. Suppose q + q = p. Suppose q*h - 123 = -h. Is h a composite number?
True
Let y = -85 + 140. Is y a composite number?
True
Let b = 999 + -491. Is (b/6)/(2/3) a prime number?
True
Let z be -4 - (-5)/(15/6). Is 372/20 + z/(-5) a composite number?
False
Let k = -46 + 341. Is k a composite number?
True
Let f be (-14)/(-21) - (-614)/6. Let u = f + -20. Is u a composite number?
False
Suppose 0 = -3*t + 2*t - 2*c + 185, c + 749 = 4*t. Is t composite?
True
Let h = 11 - -12. Is h a composite number?
False
Suppose -6 - 3 = 2*z - h, -3*z + 9 = 3*h. Let g be ((-50)/(-4))/((-1)/z). Suppose g = 2*u - 77. Is u a prime number?
False
Suppose -5*m - 3*y + 2392 = 0, 3*y - 1912 = -4*m - y. Is m a composite number?
False
Suppose 3*d = 8*d - 745. Is d a composite number?
False
Suppose 0*i + m = 3*i - 111, -184 = -5*i + 2*m. Suppose 3*v - i = -5*t + 514, -v + 332 = 3*t. Is t a composite number?
True
Let o(h) = -23*h + 4. Let r be o(-4). Let a = r + -59. Is a composite?
False
Let z be (-1)/(-2)*(21 + 5). Let d = z - -72. Is d a prime number?
False
Suppose -f = 1, 0*f - 1384 = -2*n + 2*f. Is n prime?
True
Suppose -397 = -4*u - u - j, 4*u